 -2*u**2 + 3*u + 2. Let a be l(-1). Let y(b) = b**3 + 5*b**2 + 5*b + 2. Let z be y(a). What is n(z)?
1
Let m(x) be the first derivative of -9/2*x**2 - x - 1. What is m(-1)?
8
Let w(b) = b**2 - 6*b - 5. Let j(p) = 1. Let f(h) = j(h) + w(h). Let u = -56 - -141. Let x = 90 - u. What is f(x)?
-9
Let w(n) = -2*n + 3. Suppose 0 = -s - 4*s. Let a be w(s). Suppose a = -5*z + 8. Let l(y) = y - 1. Give l(z).
0
Let f be 423/(-63) + 7 + (-2)/7. Let p(v) = 8 - v - 3 - 4. Give p(f).
1
Let p(y) be the third derivative of 11*y**4/24 + y**3/3 + 50*y**2. Determine p(-1).
-9
Let z(m) be the second derivative of m**3/3 - m**2/2 + 2*m + 26. Give z(-6).
-13
Let h(k) = -k**3 - 3*k**2 + 4*k - 5. Suppose 0 = 5*z + 3*p + 29, 0 = 37*z - 38*z + p - 1. Give h(z).
-5
Let l(k) = 6*k**2 - 2*k + 1. Let z be l(1). Let y be (-84)/(-35)*5/2. Let j(m) = 11*m + m - y*m - 5*m. What is j(z)?
5
Suppose -3*k - 132 + 42 = 0. Let n = k - -35. Let y(b) = -b**3 + 4*b**2 + 5*b - 6. Determine y(n).
-6
Let k(s) = 63*s**2 - 126*s**2 - s - 2 + 61*s**2 + 0*s. Calculate k(-3).
-17
Let x(p) = 2*p - 7. Let c(n) = n - 3. Let w(g) = 5*c(g) - 3*x(g). Let i be 14/((3 - 7) + 6). Give w(i).
-1
Suppose 24 = -4*p - 16. Let f(j) = 2*j + 9. Give f(p).
-11
Let c be 4/6 - 58/(-3). Let a = c - 28. Let j(k) = k + 7. Give j(a).
-1
Let b(u) = u**2 - 4*u - 2. Let g(q) = -q**2 + 3*q + 1. Suppose -3*k - 36 = -4*o - 16, 48 = 5*o + 2*k. Let p(m) = o*g(m) + 5*b(m). What is p(2)?
-6
Let l(w) = -w**3 + 12*w**2 + 11*w + 26. Suppose -j - 2*k + 3 = 0, 2*j = 3*k - 2*k + 31. What is l(j)?
0
Let t(q) = 2*q**2 - q**2 + 2*q + 5 + 3*q. Suppose 39 = -3*p + 21. What is t(p)?
11
Let n(d) = -d**3 - 6*d**2 - 4*d - 3. Let i(t) = 13*t + 47. Let c be i(-4). Give n(c).
-8
Let v = 30 - -62. Let w = v + -92. Let c(k) = k**2 - 23. Give c(w).
-23
Let d = -8 - -3. Let r(n) = -n**3 - 8*n - 1 + 12*n**2 - 25*n**2 + 7*n**2 + 2*n. What is r(d)?
4
Let o(x) = 79*x + 13. Let r(w) = -6*w - 1. Let m(i) = 6*o(i) + 78*r(i). Calculate m(1).
6
Let w(l) = -32*l + 4. Let u(o) = -21*o + 3. Let q(a) = 7*u(a) - 5*w(a). Suppose 4*d - 5*f = 1, 2*d + 10*f - 6*f = -6. Calculate q(d).
-12
Let h(d) = -7*d**2 - 9*d - 9. Let u(f) = 30 + f**2 - 29 + 5*f - 4*f. Let x(n) = -h(n) - 6*u(n). Determine x(-3).
3
Suppose -z - 5*t - 9 = 0, 2*t - 28 = -32. Let s(a) = -14*a + 2. Give s(z).
-12
Let d(p) = 32*p**2. Let c(l) = 19*l**2. Let t(x) = 7*c(x) - 4*d(x). Let w = -2 + 1. What is t(w)?
5
Let n(x) = 4*x**2 + 121*x - 100. Let s be n(-31). Let q(i) = -i**3 - 7*i**2 + 3*i + 14. Determine q(s).
-7
Suppose 5*j + 5*b = 0, 0 = 3*j - j + 5*b. Let s = j + 0. Suppose s = l - 5*r - 20, -5*r - 12 = -r. Let m(t) = 2*t - 6. What is m(l)?
4
Let j(l) = -6*l**3 - 2*l**2 - l. Let c be j(-1). Let x(t) = -2*t - 2*t**3 + 6*t**2 - 6 + 0*t + t**3 - t. Calculate x(c).
4
Let t(u) = 2*u + 4*u - 3*u + 6. Let f = 9 - 8. Let i be f/(-2)*1*8. What is t(i)?
-6
Let b(f) be the second derivative of f**6/120 - 2*f**5/15 - 7*f**4/24 - 2*f**3 + 17*f**2/2 - 19*f. Let v(u) be the first derivative of b(u). Determine v(9).
6
Suppose 14*r - 30 = 8*r. Let d(y) = 4*y + 7. What is d(r)?
27
Let a(h) be the third derivative of h**6/60 - h**5/20 + h**4/24 - h**3/6 - 2*h**2. Suppose -2*f + 4 = -f. Suppose f*g = g + 6. Give a(g).
5
Let f(m) = 1 + 2*m**2 - 2 + 0*m**2 - m. Suppose -3 + 0 = z - 3*q, -2*q + 2 = -2*z. Suppose t = 4*d - 13, 3*t + z*t = -d - 13. What is f(d)?
5
Suppose -2*d - d = 0. Let b(c) be the third derivative of -2*c**3 + 0 - 2*c**2 + 0*c + 1/24*c**4. Calculate b(d).
-12
Let f(d) be the second derivative of d**5/20 + d**4/6 - 5*d**3/6 - 3*d**2/2 + 3*d + 55. Let n(g) = -g**3 + 4*g**2 + 3*g + 7. Let x be n(5). Give f(x).
3
Let v(t) = 0*t**2 + 3*t**2 - 2*t**2 - 22*t + 6*t + 17*t - 17. Calculate v(0).
-17
Let g(n) = 2*n - 29*n**2 + 15*n**2 + 15*n**2 + 4 - 6*n. Calculate g(4).
4
Let v(j) = 11*j + 1. Let m be (23 + -21)*1/2. Determine v(m).
12
Let i be -6*(4 + (4 - (-33)/(-6))). Let a(x) = x**3 + 16*x**2 + 17*x + 36. What is a(i)?
6
Let q(d) = d - 7. Suppose 0 = 16*t + 13*t + 232. What is q(t)?
-15
Let i(z) = 2*z - 58. Let c(s) = -3*s + 81. Let m(v) = 5*c(v) + 7*i(v). Determine m(4).
-5
Let u(q) = q**2 - 8*q - 5. Let w be u(9). Suppose -2*y + 1 = -w*l - 11, -3*y = 3*l. Let j(m) = 5*m**3 - 5*m**2 + m**y + 5*m**2. Give j(-1).
-4
Let r(f) = 2*f**3 - 4*f**2 + 4*f - 2. Let k be r(2). Let i(u) = 5*u + 3. Let t(j) = -4*j - 2. Let p(c) = k*t(c) + 5*i(c). Give p(-4).
-1
Let z be 237/(-33) + 4/22. Let s = z + 1. Let k(d) = -d**3 - 5*d**2 + 8*d + 7. Calculate k(s).
-5
Let w(n) = -n + 11. Let c(u) = u**2 + u + 2. Let b be c(-3). Let f be w(b). Let k(d) = -4 - d - d**3 + f + 2*d + 0*d**3. Calculate k(0).
-1
Let y be ((-60)/(-3))/(1 + 1/(-3)). Suppose 0 = -3*q - 2*z - 9, -y = 2*q - 5*z - 5. Let f(j) = j**2 + 5*j + 3. What is f(q)?
3
Suppose -3*n + 4*o - 152 = 0, -17 = 2*n - o + 86. Let d = 54 + n. Let x(j) = -2*j. Give x(d).
-4
Let n(c) be the third derivative of 1/6*c**4 + 1/60*c**5 + 1/6*c**3 + 0 - 1/120*c**6 + 0*c - c**2. Determine n(3).
-5
Let n(z) = -3*z - 9. Let i(x) = 8*x + 27. Let c(p) = -4*i(p) - 11*n(p). Determine c(15).
6
Let t be (2/3)/(6/(-63)). Let p(l) be the first derivative of -l**2/2 - 2*l - 3. Calculate p(t).
5
Let a(m) = -5*m**2 - 15*m - 22. Let s(t) = -4*t**2 - 13*t - 20. Let n(u) = -3*a(u) + 4*s(u). Determine n(-4).
-2
Let j be 4/(-3)*(-4 - 2). Let l be (-7)/(j/(-3) + 3). Let c be (6/l)/(1/(-7)). Let b(x) = -x**2 + x - 2. Determine b(c).
-4
Let i(p) be the first derivative of 22*p**3/3 + p - 196. What is i(-1)?
23
Let k(l) be the second derivative of -l**3/2 + 5*l**2/2 + 6*l - 3. Calculate k(8).
-19
Let r(j) be the first derivative of 0*j + 7/24*j**4 + j**3 - 3*j**2 + 1/30*j**5 - 1. Let y(s) be the second derivative of r(s). What is y(-4)?
10
Let n(f) = 0 + 1728*f - 1715*f + 1. What is n(-1)?
-12
Let h = 1 + 8. Suppose h*w - 6*w - 9 = 0. Let t(u) = 0*u + 4*u - w + 2*u - 4*u. Determine t(4).
5
Let t(p) be the third derivative of p**7/5040 + 7*p**5/10 + 38*p**2. Let n(c) be the third derivative of t(c). What is n(3)?
3
Let q(v) be the first derivative of -v**2/2 - 8*v + 18. Let p be 6*(-4)/(2 - -2). Calculate q(p).
-2
Let n(f) be the first derivative of -f**6/120 + 2*f**5/15 - f**4/3 + 5*f**3/3 + 5*f**2 + 5. Let s(l) be the second derivative of n(l). Give s(7).
3
Let j = 7 - 7. Let a(z) = -4 + 4*z - 4*z**2 - z + j*z - 5*z - z**3. Suppose 3*t - 2*f + 3 + 4 = 0, -5*f = t + 8. Calculate a(t).
-7
Let g(m) be the third derivative of 1/60*m**5 + 0 + 0*m + m**2 + 7/24*m**4 + 0*m**3. Let a = 57 - 63. Give g(a).
-6
Let n(a) = -35*a**2 + 105*a**2 - 34*a**2 - 16*a - 34*a**2 - 2. Let p be n(8). Let u(b) be the first derivative of -b**3/3 - b**2 - 1. Determine u(p).
0
Let y(p) = 5*p - 5. Let d(s) = -1. Let c(j) = 2*d(j) - y(j). Let v be (2 + 3/(-2))*0. Suppose -2*b = -4 - v. Calculate c(b).
-7
Let t(w) = w**3 - 4*w**2 - 2*w - 6. Let k be 10/(-12)*(44 + -50). What is t(k)?
9
Let m(i) = -i**2 - 10*i - 8. Let r(u) be the third derivative of -u**5/60 - u**4/12 + 13*u**3/3 - 18*u**2. Let j be r(-7). Calculate m(j).
1
Let v(o) = 3*o - 15. Let h be 5*-2*-1 - (-1260)/(-210). Give v(h).
-3
Let f(h) = -h**3 + 2*h**2 + 5*h + 3. Let a be f(4). Let p(m) = 63*m**2 - 25*m + 4. Let j be p(4). Let d(w) = 0 + 11 + j*w - 911*w. What is d(a)?
2
Let a be (-44)/8*(-19 - -21). Let z(l) = -l**2 - 11*l - 3. What is z(a)?
-3
Let w be ((-4)/8)/(2/(-24)). Suppose 15 = -8*s + 13*s. Let t(a) = -s + 0 - 5*a + 4*a**3 - 5*a**3 - 5*a**2 + 2*a**3. Give t(w).
3
Let v(u) = u**2 - 5*u - 7. Suppose 3*s + s - 8 = 0. Let c(l) = 4*l + 0*l**s - l**2 - l + 2*l. Let t be c(3). Give v(t).
-1
Let y(l) = -l**3 - l**2 + l - 1. Let j(w) be the first derivative of w**4/2 - 5*w**3/3 - w**2 + 12*w + 10. Let d(x) = j(x) + 3*y(x). What is d(-8)?
1
Let o(p) = 14*p - 5. Let i(y) = -2*y + 2. Let v(t) = -5*i(t) - o(t). Determine v(-4).
11
Suppose 17 = -4*w + 41. Suppose -5*t + 14 = -w. Let g be (3/(-4))/((-1)/t). Let o(j) = j**2 - j - 2. Determine o(g).
4
Let a = 28 - 29. Let j(i) = 3*i - 1. Let d be j(a). Let g(q) be the first derivative of q**2 + 6*q - 1. Calculate g(d).
-2
Let w(h) be the second derivative of -1/3*h**4 + 19*h - 1/6*h**3 + 0 - 1/2*h**2. Determine w(-1).
-4
Let c = 5 - 1. Suppose 0 = 4*m + c*u, 0*u = -3*m + 2*u + 15. Suppose 3*k - 21 = 2*p, 4*k = 3*k + m*p + 